ulate m(11).
-7
Let y(t) = -7351*t + 95224. Calculate y(13).
-339
Let l(r) = 8231*r + 1572127. What is l(-191)?
6
Let j(r) = 5*r**3 + 33*r**2 + 44*r - 1131. Give j(5).
539
Let f(q) = q**3 - 87*q**2 - 1646*q - 205. What is f(103)?
1
Let s(t) = -54*t**2 + 2451*t - 26820. Give s(11).
-6393
Let x(z) = -3440*z - 62027. Determine x(-18).
-107
Let c(l) = l**3 - 7*l**2 + 43088*l - 344769. Give c(8).
-1
Let l(q) = 2130642*q - 14914497. What is l(7)?
-3
Let a(c) = -c**3 - 190*c**2 + 1993*c + 445383. Give a(-188).
11
Let f(a) = 65*a**2 + 92*a - 57. Determine f(1).
100
Let x(t) = 10*t**2 - 58*t + 18. Calculate x(4).
-54
Let q(i) = -5311*i + 11217. Calculate q(2).
595
Let k(r) = 3*r**2 + 258*r - 12973. Calculate k(-122).
203
Let z(j) = j**3 - 53*j**2 - 5395*j + 290685. Give z(55).
10
Let h(u) = 2*u**3 - 31*u**2 + 68*u - 194. What is h(14)?
170
Let f(z) = -4*z**2 + 251*z - 254. Determine f(1).
-7
Let p(l) = -2*l**3 + 375*l**2 + 8082*l - 1968. Calculate p(207).
-105
Let l(p) = 229*p - 7470. Give l(29).
-829
Let j(c) = c**3 - 85*c**2 + 177*c - 874. Determine j(83).
39
Let o(y) = -y**3 + 45*y**2 - 54*y + 830. Calculate o(44).
390
Let k(w) = -845*w + 72622. Calculate k(86).
-48
Let n(d) = 10*d**2 + 1097*d - 1393. Calculate n(-111).
50
Let a(m) = 18*m**3 - 4*m**2 - 927*m - 134. What is a(-7)?
-15
Let b(m) = 2*m**2 - 63141*m - 1137180. Give b(-18).
6
Let k(x) = -4637*x + 23069. Calculate k(5).
-116
Let w(i) = -10*i**3 + 931*i**2 - 144*i + 4757. Calculate w(93).
14
Let o(b) = 2627*b**2 - 495*b - 496. Determine o(-1).
2626
Let l(p) = 34*p**3 + 204*p**2 + 415*p + 22. Determine l(-2).
-264
Let x(r) = -1067*r + 87501. Determine x(82).
7
Let h(j) = 1383*j - 1118. Give h(0).
-1118
Let r(t) = -t**3 + 102*t**2 + 2995*t - 115665. Calculate r(119).
3
Let n(v) = -369*v**3 - 13*v**2 + 13*v - 12. What is n(1)?
-381
Let i(m) = 21079*m + 674539. Calculate i(-32).
11
Let q(y) = -5893*y - 147327. What is q(-25)?
-2
Let u(l) = 184*l + 9232. Determine u(-41).
1688
Let m(l) = -857*l + 6826. What is m(8)?
-30
Let y(f) = -6632*f**2 + 13176*f + 186. Calculate y(2).
10
Let n(g) = g**3 + 369*g**2 - 2639*g - 2642. What is n(-376)?
-10
Let h(v) = 227*v - 1954. What is h(13)?
997
Let l(d) = d**3 + 181*d**2 - 358*d + 1627. Determine l(-183).
163
Let u(g) = -385*g + 4624. Give u(12).
4
Let z(d) = -2*d**2 - 190*d + 4719. Calculate z(23).
-709
Let s(u) = u**3 - 895*u**2 - 305*u + 272976. Determine s(895).
1
Let v(s) = -s**2 - 144*s - 201. Calculate v(-144).
-201
Let y(z) = 248*z - 61447. What is y(243)?
-1183
Let g(n) = -35*n**2 + 145*n + 727. Determine g(7).
27
Let a(o) = -2*o**2 + 119*o + 2988. Calculate a(70).
1518
Let v(d) = d**3 - 366*d**2 + 773*d - 16403. What is v(364)?
-23
Let v(k) = -766*k - 5456. Determine v(-7).
-94
Let a(b) = -11*b**2 + 192*b - 798. What is a(8)?
34
Let j(q) = -7022*q + 64560. Give j(9).
1362
Let w(z) = z**2 + 514*z + 42935. Calculate w(-409).
-10
Let m(s) = -2*s**3 - 31*s**2 - 718*s - 12576. Give m(-17).
497
Let q(d) = 181*d**2 + 332*d + 558. Calculate q(-3).
1191
Let g(z) = -10*z**2 - 627*z - 1259. Determine g(-2).
-45
Let z(k) = -11*k**2 + 7993*k + 142110. Calculate z(744).
6
Let x(c) = 6*c**2 + 1146*c - 5785. Calculate x(5).
95
Let p(c) = 2*c**2 - 4025*c + 468372. Calculate p(124).
24
Let r(a) = -a**3 + 128*a**2 + 732*a + 339. Determine r(-5).
4
Let g(u) = -2*u**2 - 434*u + 20536. Calculate g(-257).
-24
Let n(q) = 3*q**3 + 8*q**2 - 105*q + 593. Give n(6).
899
Let i(j) = -35*j**2 - 1506*j - 6103. Calculate i(-4).
-639
Let p(o) = 205*o**2 + 14571*o + 135. Calculate p(-71).
-1001
Let n(k) = k**3 + 41*k**2 + 394*k - 133. Calculate n(-25).
17
Let b(u) = 81*u**2 + 18*u - 414. What is b(-5)?
1521
Let a(t) = 1668*t - 16639. Give a(10).
41
Let f(c) = -4*c**3 - 6*c**2 - 6221*c + 12469. What is f(2)?
-29
Let o(x) = 51*x**3 + 256*x**2 - 31071*x - 155374. Give o(-5).
6
Let i(f) = -2*f**3 + 186*f**2 + 79*f + 10204. What is i(94)?
-42
Let d(p) = -15*p**2 + 716*p - 3873. Calculate d(42).
-261
Let l(a) = -10*a**2 + 143*a + 66. Calculate l(0).
66
Let y(j) = j**3 - 17*j**2 - 364*j + 4898. Calculate y(22).
-690
Let x(f) = f**2 - 821*f + 28272. Give x(36).
12
Let u(q) = q**3 + 7*q**2 + 7*q + 552. Calculate u(-11).
-9
Let y(a) = 11369*a + 102512. Calculate y(-9).
191
Let b(i) = 10550*i + 10600. What is b(-1)?
50
Let k(h) = -490*h - 45736. Determine k(-93).
-166
Let f(t) = 165*t + 26546. Calculate f(-153).
1301
Let h(b) = -2924*b + 146158. Give h(50).
-42
Let l(f) = -2*f**3 - 59*f**2 - 329*f + 14. Calculate l(-22).
-8
Let x(d) = 173*d**2 + 1231*d + 1165. What is x(-6)?
7
Let m(i) = -2610*i + 20477. Calculate m(8).
-403
Let a(g) = 1107*g - 5926. What is a(5)?
-391
Let u(m) = -2*m**3 - 34*m**2 - 574*m - 7573. Calculate u(-15).
137
Let c(i) = -7*i**3 - 326*i**2 + 171*i + 1062. Give c(-47).
-348
Let v(y) = -75*y**2 - 557*y - 179. Determine v(-7).
45
Let b(t) = -t**3 - 124*t**2 - 999*t + 38664. Give b(-112).
24
Let p(a) = 1088*a**2 - 64176*a - 13. Give p(59).
931
Let p(n) = n**2 + 19*n - 112. What is p(11)?
218
Let x(r) = 11778*r - 1261. Determine x(0).
-1261
Let m(p) = 540726*p - 2703608. Determine m(5).
22
Let d(p) = p**3 - 114*p**2 + 2133*p + 84. Give d(90).
-2346
Let c(p) = p**3 - 48*p**2 - 941*p + 46301. What is c(47)?
-135
Let m(d) = 6763*d + 791269. Determine m(-117).
-2
Let a(v) = -2781*v - 661954. What is a(-238)?
-76
Let u(w) = 19*w**2 + 234*w - 447. Give u(2).
97
Let c(t) = -691*t + 4929. Determine c(7).
92
Let c(v) = -20*v**2 - 1962*v + 10294. Give c(5).
-16
Let v(f) = 181*f**2 + 94*f - 169. Calculate v(3).
1742
Let r(q) = 2*q**3 + 164*q + 558. What is r(-3)?
12
Let b(m) = 14*m**3 - 75*m**2 - 164*m + 1. What is b(7)?
-20
Let c(m) = 178408*m - 2854565. Determine c(16).
-37
Let w(z) = 28*z**2 + 1889*z - 409. Give w(-67).
-1280
Let z(n) = -n**2 + 2331*n - 271613. Determine z(123).
-29
Let i(r) = -4*r**2 + 271*r + 1118. What is i(75)?
-1057
Let h(q) = 9213*q + 497435. Calculate h(-54).
-67
Let t(r) = -4*r**3 - 73*r**2 - 16*r - 969. Determine t(-19).
418
Let l(m) = 423*m**3 - 2539*m**2 + 90*m - 513. Give l(6).
-9
Let p(l) = 11365*l + 34078. Calculate p(-3).
-17
Let i(n) = n**3 + 2*n**2 + 37980*n + 151971. What is i(-4)?
19
Let w(k) = -34*k**2 - 763*k + 1560. What is w(-24)?
288
Let u(a) = -a**3 + 24*a**2 + 128*a - 86. Determine u(28).
362
Let l(c) = -15783*c - 1183737. Determine l(-75).
-12
Let y(x) = x**3 - 23*x**2 + 64*x + 493. Calculate y(10).
-167
Let o(w) = -2*w**3 - 55*w**2 + 82*w + 2264. Give o(-28).
752
Let q(u) = 1188*u**2 - 93*u - 11. Determine q(-1).
1270
Let h(o) = 41*o**3 - 1641*o**2 + 46*o - 243. Determine h(40).
-3
Let b(p) = -2*p**3 + 93*p**2 - 97*p - 1568. Give b(45).
142
Let v(o) = -8*o + 1581. Give v(134).
509
Let d(o) = 14*o**2 + 898*o + 87. What is d(-64)?
-41
Let c(d) = 923*d + 30431. Determine c(-33).
-28
Let k(h) = -287*h + 50. Calculate k(-1).
337
Let x(d) = 31857*d - 19910610. What is x(625)?
15
Let x(a) = -5*a**3 + 17*a - 65. Determine x(5).
-605
Let t(j) = 2*j**3 + 500*j**2 - 2637*j - 22159. Calculate t(-255).
26
Let m(f) = 61910*f + 186277. Calculate m(-3).
547
Let p(b) = -b**3 + 9*b**2 - 68*b - 1216. What is p(-7)?
44
Let s(k) = 5453*k - 5503. Determine s(1).
-50
Let g(d) = 8*d**2 - 1744*d - 8718. Determine g(-5).
202
Let h(b) = 2*b**3 + 38*b**2 + 271*b + 710. Determine h(-7).
-11
Let j(w) = -93*w - 3030. Calculate j(-31).
-147
Let u(q) = -77*q**2 - 60*q + 114. Calculate u(2).
-314
Let d(n) = 17997*n + 755879. What is d(-42)?
5
Let p(x) = 76453*x + 15. What is p(0)?
15
Let l(n) = -n**3 - 18*n**2 - 2*n + 706. Give l(-9).
-5
Let a(o) = 31723*o + 349065. Calculate a(-11).
112
Let d(l) = -l**3 - 58*l**2 - 110*l - 5732. What is d(-58)?
648
Let l(u) = 2*u**3 - 42*u**2 - 1044*u + 41. Give l(-15).
-499
Let k(b) = 4*b**3 - 92*b**2 + 553*b - 450. Calculate k(12).
-150
Let k(j) = j**2 - 264*j + 5394. Calculate k(242).
70
Let g(b) = -33*b - 1480. What is g(-83)?
1259
Let p(n) = n**3 - 1910*n**2 + 20879*n + 60. What is p(11)?
-50
Let f(d) = d**2 - 428*d - 9898. Calculate f(450).
2
Let m(x) = -12686*x - 672448. Determine m(-53).
-90
Let q(s) = -s**3 + 63*s**2 + 70*s + 266. Calculate q(64).
650
Let o(p) = -p**3 + 9*p**2 + 1006*p - 8111. Give o(8).
1
Let j(n) = -19188*n - 36308. Give j(-2).
2068
Let p(y) = -41*y**2 - 12*y - 3. What is p(1)?
-56
Let i(l) = 118821*l 